ighest common factor of 24 and 984.
24
What is the greatest common factor of 93 and 1488?
93
Calculate the highest common divisor of 531 and 590.
59
Calculate the highest common factor of 363 and 66.
33
What is the highest common divisor of 43 and 559?
43
Calculate the greatest common factor of 36920 and 213.
71
Calculate the highest common factor of 2750 and 88.
22
Calculate the greatest common factor of 8055 and 180.
45
What is the highest common divisor of 1397 and 22?
11
Calculate the greatest common factor of 168 and 280.
56
Calculate the highest common divisor of 477 and 106.
53
Calculate the greatest common factor of 126 and 18.
18
Calculate the greatest common divisor of 86 and 4.
2
What is the highest common factor of 69 and 1472?
23
Calculate the greatest common factor of 1331 and 143.
11
Calculate the highest common factor of 472 and 1829.
59
What is the highest common divisor of 67 and 2?
1
What is the highest common factor of 18 and 18?
18
What is the greatest common factor of 3088 and 16?
16
What is the highest common factor of 9 and 18?
9
Calculate the greatest common divisor of 2 and 109.
1
Calculate the greatest common factor of 50 and 175.
25
Calculate the greatest common factor of 2838 and 198.
66
What is the greatest common factor of 174 and 6206?
58
Calculate the greatest common factor of 150 and 2200.
50
What is the highest common divisor of 34 and 1717?
17
Calculate the highest common divisor of 187 and 2651.
11
Calculate the highest common factor of 468 and 52.
52
What is the greatest common divisor of 697 and 82?
41
What is the highest common divisor of 446 and 2453?
223
What is the highest common divisor of 144 and 63?
9
Calculate the greatest common factor of 2016 and 2916.
36
Calculate the greatest common factor of 105 and 15.
15
What is the highest common divisor of 19 and 3781?
19
Calculate the greatest common factor of 1950 and 156.
78
Calculate the highest common factor of 14948 and 148.
148
Calculate the greatest common factor of 852 and 132.
12
Calculate the greatest common factor of 276 and 460.
92
What is the highest common divisor of 10 and 85?
5
Calculate the greatest common factor of 2632 and 392.
56
Calculate the greatest common divisor of 270 and 180.
90
What is the highest common divisor of 322 and 42?
14
What is the highest common factor of 34 and 1598?
34
Calculate the greatest common factor of 24 and 60.
12
What is the highest common divisor of 962 and 1480?
74
What is the greatest common factor of 95 and 10?
5
What is the highest common divisor of 308 and 88?
44
Calculate the highest common divisor of 1386 and 1134.
126
What is the greatest common factor of 38 and 1159?
19
Calculate the highest common factor of 2076 and 228.
12
What is the highest common factor of 12 and 666?
6
What is the highest common factor of 30 and 1336?
2
Calculate the highest common factor of 96 and 348.
12
What is the greatest common divisor of 418 and 66?
22
What is the greatest common divisor of 2 and 818?
2
Calculate the greatest common factor of 116 and 20.
4
Calculate the greatest common divisor of 6354 and 36.
18
Calculate the greatest common divisor of 26 and 650.
26
What is the highest common factor of 1482 and 156?
78
What is the greatest common factor of 18969 and 3?
3
What is the highest common divisor of 26 and 1456?
26
Calculate the greatest common divisor of 22 and 2794.
22
What is the highest common factor of 8 and 8?
8
Calculate the greatest common factor of 84 and 4452.
84
What is the greatest common factor of 26 and 611?
13
What is the highest common factor of 799 and 423?
47
What is the greatest common factor of 95 and 2755?
95
Calculate the greatest common factor of 1370 and 20.
10
Calculate the highest common divisor of 81 and 81.
81
Calculate the greatest common divisor of 174 and 1002.
6
What is the highest common factor of 1230 and 30?
30
What is the highest common factor of 48 and 400?
16
Calculate the highest common divisor of 63 and 35.
7
What is the greatest common divisor of 1271 and 41?
41
What is the greatest common divisor of 170 and 20?
10
Calculate the highest common factor of 117 and 45.
9
What is the greatest common divisor of 749 and 856?
107
What is the greatest common factor of 1261 and 3298?
97
Calculate the highest common divisor of 1860 and 6572.
124
Calculate the greatest common factor of 39 and 5304.
39
What is the highest common factor of 72 and 88?
8
What is the highest common factor of 116 and 4?
4
Calculate the highest common factor of 34 and 4658.
34
Calculate the greatest common divisor of 144 and 80.
16
Calculate the highest common factor of 1123 and 1.
1
What is the highest common factor of 3762 and 1782?
198
Calculate the highest common factor of 80 and 280.
40
Calculate the highest common factor of 36 and 284.
4
What is the highest common divisor of 280 and 120?
40
What is the greatest common divisor of 4500 and 24?
12
What is the highest common divisor of 32 and 10016?
32
What is the greatest common factor of 28 and 574?
14
What is the highest common factor of 110 and 154?
22
Calculate the highest common divisor of 231 and 231.
231
Calculate the highest common divisor of 58 and 1566.
58
Calculate the greatest common divisor of 832 and 728.
104
What is the highest common factor of 3940 and 20?
20
Calculate the greatest common factor of 177 and 21.
3
What is the greatest common divisor of 27 and 1323?
27
Calculate the highest common factor of 924 and 5460.
84
Calculate the greatest common factor of 4579 and 76.
19
Calculate the highest common divisor of 3133 and 221.
13
Calculate the highest common divisor of 135 and 225.
45
What is the greatest common factor of 989 and 23?
23
Calculate the greatest common factor of 156 and 96.
12
Calculate the greatest common factor of 47593 and 91.
91
Calculate the greatest common divisor of 115390 and 110.
110
Calculate the highest common factor of 2320 and 80.
80
What is the highest common divisor of 13770 and 180?
90
What is the greatest common divisor of 969 and 513?
57
Calculate the greatest common divisor of 4620 and 4.
4
Calculate the highest common divisor of 28 and 88.
4
What is the highest common divisor of 440 and 1400?
40
Calculate the greatest common divisor of 38464 and 64.
64
What is the greatest common divisor of 19 and 1463?
19
Calculate the greatest common divisor of 16032 and 167.
167
Calculate the highest common divisor of 2365 and 55.
55
What is the greatest common factor of 10237 and 1412?
353
What is the highest common factor of 242 and 33?
11
Calculate the greatest common factor of 4 and 2660.
4
What is the highest common divisor of 42 and 21504?
42
Calculate the greatest common divisor of 255 and 2754.
51
Calculate the greatest common factor of 36 and 20.
4
Calculate the greatest common divisor of 24 and 208.
8
Calculate the greatest common factor of 8 and 128.
8
What is the highest common divisor of 1928 and 16?
8
Calculate the greatest common divisor of 202 and 101.
101
Calculate the highest common divisor of 108 and 54.
54
What is the greatest common divisor of 7 and 1267?
7
Calculate the highest common divisor of 8 and 15556.
4
What is the greatest common factor of 144 and 14544?
144
What is the highest common divisor of 167 and 1837?
167
What is the greatest common divisor of 81 and 54?
27
What is the highest common divisor of 153 and 4743?
153
Calculate the greatest common factor of 84 and 11634.
42
Calculate the highest common divisor of 77 and 11.
11
Calculate the greatest common divisor of 1744 and 3379.
109
What is the highest common divisor of 46 and 17664?
46
Calculate the greatest common divisor of 779 and 19.
19
Calculate the greatest common divisor of 247 and 95.
19
What is the greatest common factor of 18 and 636?
6
Calculate the greatest common divisor of 15 and 125.
5
Calculate the highest common divisor of 904 and 339.
113
What is the highest common divisor of 720 and 486?
18
Calculate the highest common factor of 66 and 8250.
66
What is the highest common factor of 5 and 5?
5
What is the highest common factor of 19926 and 162?
162
What is the highest common factor of 2581 and 29?
29
What is the greatest common factor of 52 and 4?
4
What is the greatest common factor of 1552 and 16?
16
C